{"id":194,"date":"2025-10-17T16:28:07","date_gmt":"2025-10-17T14:28:07","guid":{"rendered":"https:\/\/www.droppedcc.sk\/?page_id=194"},"modified":"2026-01-23T14:36:47","modified_gmt":"2026-01-23T13:36:47","slug":"galeria","status":"publish","type":"page","link":"https:\/\/www.droppedcc.sk\/?page_id=194","title":{"rendered":"Gal\u00e9ria"},"content":{"rendered":"\n<p><\/p>\n\n\n\n<div class=\"wp-block-group alignfull has-background\" style=\"background-color:#f5eac1;padding-top:6vw;padding-right:6vw;padding-bottom:6vw;padding-left:6vw\"><div class=\"wp-block-group__inner-container is-layout-flow wp-block-group-is-layout-flow\">\n<div class=\"wp-block-group is-vertical is-nowrap is-layout-flex wp-container-core-group-is-layout-1 wp-block-group-is-layout-flex\" style=\"padding-right:0;padding-left:0\">\n<h6 class=\"wp-block-heading has-text-color\" id=\"ecosystem\" style=\"color:#000000;font-size:16px\"><\/h6>\n\n\n\n<p class=\"has-text-color\" style=\"color:#000000;font-size:25px;font-style:normal;font-weight:700;letter-spacing:0px;line-height:0.9;text-decoration:none;text-transform:none\">T\u00edmov\u00fd camp Taliansko 2025<\/p>\n\n\n\n<div style=\"height:0px\" aria-hidden=\"true\" class=\"wp-block-spacer wp-container-content-1\"><\/div>\n<\/div>\n\n\n\n<div class=\"wp-block-group alignwide is-vertical is-nowrap is-layout-flex wp-container-core-group-is-layout-2 wp-block-group-is-layout-flex\" style=\"padding-top:0;padding-right:0;padding-bottom:0;padding-left:0\">\n<div class=\"wp-block-columns alignwide is-layout-flex wp-container-core-columns-is-layout-1 wp-block-columns-is-layout-flex\">\n<div class=\"wp-block-column is-layout-flow wp-block-column-is-layout-flow\" style=\"flex-basis:33.38%\">\n<p class=\"has-text-color\" style=\"color:#000000;font-size:17px\">V j\u00fali sa \u010dlenovia n\u00e1\u0161ho t\u00edmu <strong>DROPPED CYCLING CLUB <\/strong>z\u00fa\u010dastnili na t\u00edmovom campe v Taliansku.<\/p>\n\n\n\n<p style=\"font-size:17px\"><strong>Lokalitu si zvolili Trentino, s basecampom v Ronzone.<\/strong><\/p>\n\n\n\n<p>Kempu sa z\u00fa\u010dastnili 2 cyklistky a 6 cyklistov.<\/p>\n\n\n\n<p>Pekn\u00e9 z\u00e1\u017eitky, nespo\u010detn\u00e9 mno\u017estvo fotiek, epick\u00e9 v\u00fdh\u013eady a zlep\u0161en\u00e1 kond\u00edcia, to v\u0161etko si odn\u00e1\u0161ali so sebou.<\/p>\n<\/div>\n\n\n\n<div class=\"wp-block-column is-layout-flow wp-block-column-is-layout-flow\" style=\"flex-basis:60%\">\n<figure class=\"wp-block-image size-large\"><img loading=\"lazy\" decoding=\"async\" width=\"1024\" height=\"613\" src=\"https:\/\/www.droppedcc.sk\/wp-content\/uploads\/2025\/10\/cropped-IMG_6490-1024x613.jpg\" alt=\"\" class=\"wp-image-193\" srcset=\"https:\/\/www.droppedcc.sk\/wp-content\/uploads\/2025\/10\/cropped-IMG_6490-1024x613.jpg 1024w, https:\/\/www.droppedcc.sk\/wp-content\/uploads\/2025\/10\/cropped-IMG_6490-300x180.jpg 300w, https:\/\/www.droppedcc.sk\/wp-content\/uploads\/2025\/10\/cropped-IMG_6490-768x460.jpg 768w, https:\/\/www.droppedcc.sk\/wp-content\/uploads\/2025\/10\/cropped-IMG_6490-1536x920.jpg 1536w, https:\/\/www.droppedcc.sk\/wp-content\/uploads\/2025\/10\/cropped-IMG_6490.jpg 2000w\" sizes=\"(max-width: 767px) 89vw, (max-width: 1000px) 54vw, (max-width: 1071px) 543px, 580px\" \/><\/figure>\n\n\n\n<figure class=\"wp-block-gallery has-nested-images columns-default is-cropped wp-block-gallery-2 is-layout-flex wp-block-gallery-is-layout-flex\">\n<figure class=\"wp-block-image size-large\"><img loading=\"lazy\" decoding=\"async\" width=\"1024\" height=\"614\" src=\"https:\/\/www.droppedcc.sk\/wp-content\/uploads\/2025\/10\/cropped-IMG_6488-1024x614.jpg\" alt=\"\" class=\"wp-image-191\" srcset=\"https:\/\/www.droppedcc.sk\/wp-content\/uploads\/2025\/10\/cropped-IMG_6488-1024x614.jpg 1024w, https:\/\/www.droppedcc.sk\/wp-content\/uploads\/2025\/10\/cropped-IMG_6488-300x180.jpg 300w, https:\/\/www.droppedcc.sk\/wp-content\/uploads\/2025\/10\/cropped-IMG_6488-768x460.jpg 768w, https:\/\/www.droppedcc.sk\/wp-content\/uploads\/2025\/10\/cropped-IMG_6488-1536x921.jpg 1536w, https:\/\/www.droppedcc.sk\/wp-content\/uploads\/2025\/10\/cropped-IMG_6488.jpg 2000w\" sizes=\"(max-width: 767px) 89vw, (max-width: 1000px) 54vw, (max-width: 1071px) 543px, 580px\" \/><\/figure>\n<\/figure>\n\n\n\n<figure class=\"wp-block-image size-large\"><img loading=\"lazy\" decoding=\"async\" width=\"1024\" height=\"614\" src=\"https:\/\/www.droppedcc.sk\/wp-content\/uploads\/2025\/10\/cropped-IMG_6489-1024x614.jpg\" alt=\"\" class=\"wp-image-192\" srcset=\"https:\/\/www.droppedcc.sk\/wp-content\/uploads\/2025\/10\/cropped-IMG_6489-1024x614.jpg 1024w, https:\/\/www.droppedcc.sk\/wp-content\/uploads\/2025\/10\/cropped-IMG_6489-300x180.jpg 300w, https:\/\/www.droppedcc.sk\/wp-content\/uploads\/2025\/10\/cropped-IMG_6489-768x460.jpg 768w, https:\/\/www.droppedcc.sk\/wp-content\/uploads\/2025\/10\/cropped-IMG_6489-1536x921.jpg 1536w, https:\/\/www.droppedcc.sk\/wp-content\/uploads\/2025\/10\/cropped-IMG_6489.jpg 2000w\" sizes=\"(max-width: 767px) 89vw, (max-width: 1000px) 54vw, (max-width: 1071px) 543px, 580px\" \/><\/figure>\n<\/div>\n<\/div>\n\n\n\n<div class=\"wp-block-columns alignwide is-layout-flex wp-container-core-columns-is-layout-2 wp-block-columns-is-layout-flex\">\n<div class=\"wp-block-column is-layout-flow wp-block-column-is-layout-flow\" style=\"flex-basis:69%\">\n<figure class=\"wp-block-image size-large\"><img loading=\"lazy\" decoding=\"async\" width=\"1024\" height=\"576\" src=\"https:\/\/www.droppedcc.sk\/wp-content\/uploads\/2025\/10\/IMG_3458-1024x576.jpg\" alt=\"\" class=\"wp-image-202\" srcset=\"https:\/\/www.droppedcc.sk\/wp-content\/uploads\/2025\/10\/IMG_3458-1024x576.jpg 1024w, https:\/\/www.droppedcc.sk\/wp-content\/uploads\/2025\/10\/IMG_3458-300x169.jpg 300w, https:\/\/www.droppedcc.sk\/wp-content\/uploads\/2025\/10\/IMG_3458-768x432.jpg 768w, https:\/\/www.droppedcc.sk\/wp-content\/uploads\/2025\/10\/IMG_3458-1536x864.jpg 1536w, https:\/\/www.droppedcc.sk\/wp-content\/uploads\/2025\/10\/IMG_3458-2048x1152.jpg 2048w\" sizes=\"(max-width: 767px) 89vw, (max-width: 1000px) 54vw, (max-width: 1071px) 543px, 580px\" \/><\/figure>\n\n\n\n<figure class=\"wp-block-image size-large\"><img loading=\"lazy\" decoding=\"async\" width=\"1024\" height=\"576\" src=\"https:\/\/www.droppedcc.sk\/wp-content\/uploads\/2025\/10\/IMG_3344-1024x576.jpg\" alt=\"\" class=\"wp-image-203\" srcset=\"https:\/\/www.droppedcc.sk\/wp-content\/uploads\/2025\/10\/IMG_3344-1024x576.jpg 1024w, https:\/\/www.droppedcc.sk\/wp-content\/uploads\/2025\/10\/IMG_3344-300x169.jpg 300w, https:\/\/www.droppedcc.sk\/wp-content\/uploads\/2025\/10\/IMG_3344-768x432.jpg 768w, https:\/\/www.droppedcc.sk\/wp-content\/uploads\/2025\/10\/IMG_3344-1536x864.jpg 1536w, https:\/\/www.droppedcc.sk\/wp-content\/uploads\/2025\/10\/IMG_3344-2048x1152.jpg 2048w\" sizes=\"(max-width: 767px) 89vw, (max-width: 1000px) 54vw, (max-width: 1071px) 543px, 580px\" \/><\/figure>\n\n\n\n<figure class=\"wp-block-image size-large\"><img loading=\"lazy\" decoding=\"async\" width=\"1024\" height=\"428\" src=\"https:\/\/www.droppedcc.sk\/wp-content\/uploads\/2025\/10\/IMG_3280-1024x428.jpg\" alt=\"\" class=\"wp-image-204\" srcset=\"https:\/\/www.droppedcc.sk\/wp-content\/uploads\/2025\/10\/IMG_3280-1024x428.jpg 1024w, https:\/\/www.droppedcc.sk\/wp-content\/uploads\/2025\/10\/IMG_3280-300x125.jpg 300w, https:\/\/www.droppedcc.sk\/wp-content\/uploads\/2025\/10\/IMG_3280-768x321.jpg 768w, https:\/\/www.droppedcc.sk\/wp-content\/uploads\/2025\/10\/IMG_3280-1536x641.jpg 1536w, https:\/\/www.droppedcc.sk\/wp-content\/uploads\/2025\/10\/IMG_3280-2048x855.jpg 2048w\" sizes=\"(max-width: 767px) 89vw, (max-width: 1000px) 54vw, (max-width: 1071px) 543px, 580px\" \/><\/figure>\n<\/div>\n\n\n\n<div class=\"wp-block-column is-vertically-aligned-center is-layout-flow wp-block-column-is-layout-flow\" style=\"flex-basis:33%\">\n<p class=\"has-text-color\" style=\"color:#000000;font-size:17px\">Po\u010das 4 dn\u00ed sa jazdilo cez viacer\u00e9 kr\u00e1sne kopce, dedinky a meste\u010dk\u00e1. Po\u010dasie bolo napokon aj napriek predpovedi priamo ide\u00e1lne. U\u017eili sme si tak napr\u00edklad Legend\u00e1rne Passo Dello Stelvio alebo Passo Mendela, \u010di pl\u00e1\u017e pri Lago di Garda.<\/p>\n<\/div>\n<\/div>\n<\/div>\n<\/div><\/div>\n","protected":false},"excerpt":{"rendered":"<p>T\u00edmov\u00fd camp Taliansko 2025 V j\u00fali sa \u010dlenovia n\u00e1\u0161ho t\u00edmu DROPPED CYCLING CLUB z\u00fa\u010dastnili na t\u00edmovom campe v Taliansku. Lokalitu si zvolili Trentino, s basecampom v Ronzone. Kempu sa z\u00fa\u010dastnili 2 cyklistky a 6 cyklistov. Pekn\u00e9 z\u00e1\u017eitky, nespo\u010detn\u00e9 mno\u017estvo fotiek, epick\u00e9 v\u00fdh\u013eady a zlep\u0161en\u00e1 kond\u00edcia, to v\u0161etko si odn\u00e1\u0161ali so sebou. Po\u010das 4 dn\u00ed sa &hellip; <\/p>\n<p class=\"link-more\"><a href=\"https:\/\/www.droppedcc.sk\/?page_id=194\" class=\"more-link\">Pokra\u010dova\u0165 v \u010d\u00edtan\u00ed<span class=\"screen-reader-text\"> &#8222;Gal\u00e9ria&#8220;<\/span><\/a><\/p>\n","protected":false},"author":1,"featured_media":0,"parent":0,"menu_order":0,"comment_status":"closed","ping_status":"closed","template":"","meta":{"_monsterinsights_skip_tracking":false,"_monsterinsights_sitenote_active":false,"_monsterinsights_sitenote_note":"","_monsterinsights_sitenote_category":0,"footnotes":""},"yoast_head":"<!-- This site is optimized with the Yoast SEO plugin v23.0 - https:\/\/yoast.com\/wordpress\/plugins\/seo\/ -->\n<title>Gal\u00e9ria - DROPPED CYCLING CLUB<\/title>\n<meta name=\"description\" content=\"Gal\u00e9ria fotiek z j\u00e1zd a udalost\u00ed DROPPED CYCLING CLUB, kempov, pretekov.\" \/>\n<meta name=\"robots\" content=\"index, follow, max-snippet:-1, max-image-preview:large, max-video-preview:-1\" \/>\n<link rel=\"canonical\" href=\"https:\/\/www.droppedcc.sk\/?page_id=194\" \/>\n<meta property=\"og:locale\" content=\"sk_SK\" \/>\n<meta property=\"og:type\" content=\"article\" \/>\n<meta property=\"og:title\" content=\"Gal\u00e9ria - DROPPED CYCLING CLUB\" \/>\n<meta property=\"og:description\" content=\"Gal\u00e9ria fotiek z j\u00e1zd a udalost\u00ed DROPPED CYCLING CLUB, kempov, pretekov.\" \/>\n<meta property=\"og:url\" content=\"https:\/\/www.droppedcc.sk\/?page_id=194\" \/>\n<meta property=\"og:site_name\" content=\"DROPPED CYCLING CLUB\" \/>\n<meta property=\"article:modified_time\" content=\"2026-01-23T13:36:47+00:00\" \/>\n<meta property=\"og:image\" content=\"https:\/\/www.droppedcc.sk\/wp-content\/uploads\/2025\/10\/cropped-IMG_6490-1024x613.jpg\" \/>\n<meta name=\"twitter:card\" content=\"summary_large_image\" \/>\n<meta name=\"twitter:label1\" content=\"Predpokladan\u00fd \u010das \u010d\u00edtania\" \/>\n\t<meta name=\"twitter:data1\" content=\"2 min\u00faty\" \/>\n<script type=\"application\/ld+json\" class=\"yoast-schema-graph\">{\"@context\":\"https:\/\/schema.org\",\"@graph\":[{\"@type\":\"WebPage\",\"@id\":\"https:\/\/www.droppedcc.sk\/?page_id=194\",\"url\":\"https:\/\/www.droppedcc.sk\/?page_id=194\",\"name\":\"Gal\u00e9ria - DROPPED CYCLING CLUB\",\"isPartOf\":{\"@id\":\"https:\/\/www.droppedcc.sk\/#website\"},\"primaryImageOfPage\":{\"@id\":\"https:\/\/www.droppedcc.sk\/?page_id=194#primaryimage\"},\"image\":{\"@id\":\"https:\/\/www.droppedcc.sk\/?page_id=194#primaryimage\"},\"thumbnailUrl\":\"https:\/\/www.droppedcc.sk\/wp-content\/uploads\/2025\/10\/cropped-IMG_6490-1024x613.jpg\",\"datePublished\":\"2025-10-17T14:28:07+00:00\",\"dateModified\":\"2026-01-23T13:36:47+00:00\",\"description\":\"Gal\u00e9ria fotiek z j\u00e1zd a udalost\u00ed DROPPED CYCLING CLUB, kempov, pretekov.\",\"breadcrumb\":{\"@id\":\"https:\/\/www.droppedcc.sk\/?page_id=194#breadcrumb\"},\"inLanguage\":\"sk-SK\",\"potentialAction\":[{\"@type\":\"ReadAction\",\"target\":[\"https:\/\/www.droppedcc.sk\/?page_id=194\"]}]},{\"@type\":\"ImageObject\",\"inLanguage\":\"sk-SK\",\"@id\":\"https:\/\/www.droppedcc.sk\/?page_id=194#primaryimage\",\"url\":\"https:\/\/www.droppedcc.sk\/wp-content\/uploads\/2025\/10\/cropped-IMG_6490.jpg\",\"contentUrl\":\"https:\/\/www.droppedcc.sk\/wp-content\/uploads\/2025\/10\/cropped-IMG_6490.jpg\",\"width\":2000,\"height\":1198,\"caption\":\"Spolo\u010dn\u00e1 fotografia\"},{\"@type\":\"BreadcrumbList\",\"@id\":\"https:\/\/www.droppedcc.sk\/?page_id=194#breadcrumb\",\"itemListElement\":[{\"@type\":\"ListItem\",\"position\":1,\"name\":\"Home\",\"item\":\"https:\/\/www.droppedcc.sk\/\"},{\"@type\":\"ListItem\",\"position\":2,\"name\":\"Gal\u00e9ria\"}]},{\"@type\":\"WebSite\",\"@id\":\"https:\/\/www.droppedcc.sk\/#website\",\"url\":\"https:\/\/www.droppedcc.sk\/\",\"name\":\"DROPPED CYCLING CLUB\",\"description\":\"Community builders | Racing riders | Coffee lovers\",\"publisher\":{\"@id\":\"https:\/\/www.droppedcc.sk\/#organization\"},\"potentialAction\":[{\"@type\":\"SearchAction\",\"target\":{\"@type\":\"EntryPoint\",\"urlTemplate\":\"https:\/\/www.droppedcc.sk\/?s={search_term_string}\"},\"query-input\":\"required name=search_term_string\"}],\"inLanguage\":\"sk-SK\"},{\"@type\":\"Organization\",\"@id\":\"https:\/\/www.droppedcc.sk\/#organization\",\"name\":\"DROPPED CYCLING CLUB\",\"url\":\"https:\/\/www.droppedcc.sk\/\",\"logo\":{\"@type\":\"ImageObject\",\"inLanguage\":\"sk-SK\",\"@id\":\"https:\/\/www.droppedcc.sk\/#\/schema\/logo\/image\/\",\"url\":\"https:\/\/www.droppedcc.sk\/wp-content\/uploads\/2023\/05\/cropped-DCClogo-04-1-1.png\",\"contentUrl\":\"https:\/\/www.droppedcc.sk\/wp-content\/uploads\/2023\/05\/cropped-DCClogo-04-1-1.png\",\"width\":250,\"height\":250,\"caption\":\"DROPPED CYCLING CLUB\"},\"image\":{\"@id\":\"https:\/\/www.droppedcc.sk\/#\/schema\/logo\/image\/\"}}]}<\/script>\n<!-- \/ Yoast SEO plugin. -->","yoast_head_json":{"title":"Gal\u00e9ria - DROPPED CYCLING CLUB","description":"Gal\u00e9ria fotiek z j\u00e1zd a udalost\u00ed DROPPED CYCLING CLUB, kempov, pretekov.","robots":{"index":"index","follow":"follow","max-snippet":"max-snippet:-1","max-image-preview":"max-image-preview:large","max-video-preview":"max-video-preview:-1"},"canonical":"https:\/\/www.droppedcc.sk\/?page_id=194","og_locale":"sk_SK","og_type":"article","og_title":"Gal\u00e9ria - DROPPED CYCLING CLUB","og_description":"Gal\u00e9ria fotiek z j\u00e1zd a udalost\u00ed DROPPED CYCLING CLUB, kempov, pretekov.","og_url":"https:\/\/www.droppedcc.sk\/?page_id=194","og_site_name":"DROPPED CYCLING CLUB","article_modified_time":"2026-01-23T13:36:47+00:00","og_image":[{"url":"https:\/\/www.droppedcc.sk\/wp-content\/uploads\/2025\/10\/cropped-IMG_6490-1024x613.jpg"}],"twitter_card":"summary_large_image","twitter_misc":{"Predpokladan\u00fd \u010das \u010d\u00edtania":"2 min\u00faty"},"schema":{"@context":"https:\/\/schema.org","@graph":[{"@type":"WebPage","@id":"https:\/\/www.droppedcc.sk\/?page_id=194","url":"https:\/\/www.droppedcc.sk\/?page_id=194","name":"Gal\u00e9ria - DROPPED CYCLING CLUB","isPartOf":{"@id":"https:\/\/www.droppedcc.sk\/#website"},"primaryImageOfPage":{"@id":"https:\/\/www.droppedcc.sk\/?page_id=194#primaryimage"},"image":{"@id":"https:\/\/www.droppedcc.sk\/?page_id=194#primaryimage"},"thumbnailUrl":"https:\/\/www.droppedcc.sk\/wp-content\/uploads\/2025\/10\/cropped-IMG_6490-1024x613.jpg","datePublished":"2025-10-17T14:28:07+00:00","dateModified":"2026-01-23T13:36:47+00:00","description":"Gal\u00e9ria fotiek z j\u00e1zd a udalost\u00ed DROPPED CYCLING CLUB, kempov, pretekov.","breadcrumb":{"@id":"https:\/\/www.droppedcc.sk\/?page_id=194#breadcrumb"},"inLanguage":"sk-SK","potentialAction":[{"@type":"ReadAction","target":["https:\/\/www.droppedcc.sk\/?page_id=194"]}]},{"@type":"ImageObject","inLanguage":"sk-SK","@id":"https:\/\/www.droppedcc.sk\/?page_id=194#primaryimage","url":"https:\/\/www.droppedcc.sk\/wp-content\/uploads\/2025\/10\/cropped-IMG_6490.jpg","contentUrl":"https:\/\/www.droppedcc.sk\/wp-content\/uploads\/2025\/10\/cropped-IMG_6490.jpg","width":2000,"height":1198,"caption":"Spolo\u010dn\u00e1 fotografia"},{"@type":"BreadcrumbList","@id":"https:\/\/www.droppedcc.sk\/?page_id=194#breadcrumb","itemListElement":[{"@type":"ListItem","position":1,"name":"Home","item":"https:\/\/www.droppedcc.sk\/"},{"@type":"ListItem","position":2,"name":"Gal\u00e9ria"}]},{"@type":"WebSite","@id":"https:\/\/www.droppedcc.sk\/#website","url":"https:\/\/www.droppedcc.sk\/","name":"DROPPED CYCLING CLUB","description":"Community builders | Racing riders | Coffee lovers","publisher":{"@id":"https:\/\/www.droppedcc.sk\/#organization"},"potentialAction":[{"@type":"SearchAction","target":{"@type":"EntryPoint","urlTemplate":"https:\/\/www.droppedcc.sk\/?s={search_term_string}"},"query-input":"required name=search_term_string"}],"inLanguage":"sk-SK"},{"@type":"Organization","@id":"https:\/\/www.droppedcc.sk\/#organization","name":"DROPPED CYCLING CLUB","url":"https:\/\/www.droppedcc.sk\/","logo":{"@type":"ImageObject","inLanguage":"sk-SK","@id":"https:\/\/www.droppedcc.sk\/#\/schema\/logo\/image\/","url":"https:\/\/www.droppedcc.sk\/wp-content\/uploads\/2023\/05\/cropped-DCClogo-04-1-1.png","contentUrl":"https:\/\/www.droppedcc.sk\/wp-content\/uploads\/2023\/05\/cropped-DCClogo-04-1-1.png","width":250,"height":250,"caption":"DROPPED CYCLING CLUB"},"image":{"@id":"https:\/\/www.droppedcc.sk\/#\/schema\/logo\/image\/"}}]}},"_links":{"self":[{"href":"https:\/\/www.droppedcc.sk\/index.php?rest_route=\/wp\/v2\/pages\/194"}],"collection":[{"href":"https:\/\/www.droppedcc.sk\/index.php?rest_route=\/wp\/v2\/pages"}],"about":[{"href":"https:\/\/www.droppedcc.sk\/index.php?rest_route=\/wp\/v2\/types\/page"}],"author":[{"embeddable":true,"href":"https:\/\/www.droppedcc.sk\/index.php?rest_route=\/wp\/v2\/users\/1"}],"replies":[{"embeddable":true,"href":"https:\/\/www.droppedcc.sk\/index.php?rest_route=%2Fwp%2Fv2%2Fcomments&post=194"}],"version-history":[{"count":6,"href":"https:\/\/www.droppedcc.sk\/index.php?rest_route=\/wp\/v2\/pages\/194\/revisions"}],"predecessor-version":[{"id":248,"href":"https:\/\/www.droppedcc.sk\/index.php?rest_route=\/wp\/v2\/pages\/194\/revisions\/248"}],"wp:attachment":[{"href":"https:\/\/www.droppedcc.sk\/index.php?rest_route=%2Fwp%2Fv2%2Fmedia&parent=194"}],"curies":[{"name":"wp","href":"https:\/\/api.w.org\/{rel}","templated":true}]}}